
Calculate 4 + -7 - (-1 + 2) - 0.
-4
(2 - 1) + (-2 - 6) + 4
-3
(4 + 4 + -3 - 1) + -5
-1
What is the value of (-2 - (-1 - 0)) + 2 + -5?
-4
(-3 - 1) + (5 - (-1 + 3))
-1
What is 6 - -1 - (7 + 17 + -19)?
2
-3 + (2 - (2 + 1) - 0)
-4
Evaluate 3 - (1 - (3 - 3)).
2
Calculate -7 - (1 - 5) - -5.
2
What is (2 - 3) + -1 + 7?
5
What is -9 - (-13 - (-23 - -12))?
-7
Calculate 7 + -3 + 15 + -24.
-5
What is the value of 2 - (2 - 0) - (1 - 0)?
-1
Evaluate -7 + 8 - -8 - 14.
-5
-11 - (8 - 22) - (0 + 8)
-5
What is the value of -1 - (2 - (3 + 2 + 1))?
3
Calculate -4 + ((1 - -12) + -3 - 4).
2
Calculate -1 + (-2 - (-3 - (-10 - -1))).
-9
What is (4 - (3 - 2)) + -1?
2
Evaluate 3 + (-5 - (-2 + 5)).
-5
Evaluate 4 + 4 + (-3 - 0).
5
What is -20 + 28 + (1 + -1 - 14)?
-6
Evaluate -5 - (0 + (-10 - 1 - -6)).
0
Calculate (1 - -1) + -5 + 5.
2
What is 4 + -6 + -4 + 2?
-4
Evaluate -6 - (0 + 8 + -13).
-1
1 + (0 - 6) + 6 - 8
-7
What is the value of 2 - (15 - 11) - -7?
5
What is -1 + -5 + 11 + -11?
-6
Evaluate -2 + (0 - 5) + 1 + 15.
9
Evaluate -2 - 1 - (-12 - -8).
1
Calculate (-11 + 7 - -5) + 1.
2
What is the value of -18 + 14 - (2 - 7)?
1
Evaluate 3 - ((-6 - (-3 - 3)) + 0).
3
(-2 - (3 - (1 + 0))) + 1
-3
7 - ((-2 - -3) + 7)
-1
Calculate 1 + 1 + (-25 - -31).
8
3 - (-1 + 6) - -1
-1
(0 - -1) + -32 + 35
4
(3 - 4 - 3) + 3 + -3
-4
Evaluate 6 + -1 + (2 - 4).
3
-4 + (2 - -1 - 0)
-1
-13 + (11 - -1) - -11
10
-6 + (4 + -5 - -4)
-3
18 + (-16 - (-12 - -8))
6
Evaluate 8 - 4 - (0 + -2 - -5).
1
-2 - (7 - 3) - -9
3
Evaluate 2 + 4 + -12 + 3 - -3.
0
-6 + (1 - 9 - -13)
-1
What is -4 + 6 - 1 - (-1 - 0)?
2
What is 8 + (-3 - 3 - -3)?
5
Calculate 4 - -1 - (-1 - -10).
-4
What is 3 + -11 - (4 + (-14 - -5))?
-3
-5 + 3 + 0 + -2
-4
What is -3 + 6 - (2 + -3 + 2)?
2
What is the value of 3 + 6 + -14 + 1?
-4
4 + (2 + -3 - (4 - 2))
1
8 + (-10 - (8 + -15)) - 0
5
Evaluate (-4 + -3 - -3 - -2) + 1.
-1
-6 - (6 + -18 + 4)
2
Calculate (0 - -5) + -3 + 1.
3
What is the value of 6 + -2 - (5 - (0 + -4))?
-5
Calculate (-4 - (-3 - 4)) + -1.
2
5 + (1 + 1 - 5)
2
What is 2 - 0 - (-2 + (3 - 4))?
5
Evaluate 0 - 0 - (4 + -9 + -1).
6
Evaluate (1 - 0) + -28 + 28.
1
What is the value of (-4 - (-2 + 1 + 2)) + 3?
-2
8 + -8 + -1 + 1
0
What is -9 + -9 - -8 - -7?
-3
Evaluate (-3 - 2) + (-6 - (-5 + -9)).
3
Evaluate -1 + (-3 - -2) + -1 + 2.
-1
What is the value of (1 - 1) + (9 - 6) + -1?
2
Evaluate (2 - -1) + -1 - 4.
-2
Calculate 4 + -2 + (6 - 9) + -1.
-2
23 + -18 - (-1 - -3)
3
10 + (2 - 7) - 9
-4
Evaluate -5 + -2 + -1 + 13.
5
Calculate (0 - -4) + 1 + (-4 - 0).
1
0 + 2 + 4 + -4 + -1
1
What is the value of 0 + 5 - (6 - -2)?
-3
Calculate -4 - (9 + -6) - -12.
5
Calculate -2 + -2 + 3 + -1.
-2
Calculate (4 - (-1 - -4)) + 4.
5
Calculate -3 + 10 + -14 + 8.
1
What is the value of -2 - ((4 - (4 - 2)) + -3)?
-1
What is the value of 26 + 8 + -16 - 9?
9
What is the value of -3 - (-13 + 15 + -12)?
7
What is 5 + (4 + -14 - (4 + -7))?
-2
Calculate 8 + (0 - 1 - 1).
6
What is -10 - (1 - 4) - -7?
0
(12 + 0 - 21) + 14
5
Evaluate 7 + -9 + (-1 - -2).
-1
What is the value of 1 + -5 - (285 - 280)?
-9
Evaluate (1 - 2 - -1) + 1 + -3.
-2
(1 - -5) + (-6 + -6 - -8)
2
What is the value of 3 + -2 + (-5 - 0)?
-4
What is (1 - ((1 - -3) + 1)) + -3?
-7
What is the value of (-7 - -2 - (-5 - 1)) + -6?
-5
Calculate (-19 - -13) + -1 + 9 + -7.
-5
What is 4 + (-6 + 7 - (1 - 0))?
4
Evaluate (6 - (-4 - -8)) + 0.
2
Evaluate 0 - (6 + (-5 + -1 - 0)).
0
1 + 2 + 19 + -19
3
Calculate -2 - -1 - (-6 - -1).
4
What is the value of 13 - (5 - (10 - 7))?
11
Calculate 3 + 1 + 2 - (2 + 2).
2
Calculate (-4 + (-4 - -13) - 0) + -2.
3
What is the value of 96 + -94 - (-2 + 6 + -1)?
-1
Evaluate -6 - (7 - 19 - -5).
1
-4 + (5 - 1) - 1 - -3
2
(1 - 1) + 1 + (-2 - 0)
-1
What is -45 + 45 + (0 - (1 - -4))?
-5
What is the value of -3 - ((-6 - -7) + -7)?
3
What is (-6 + 3 - (2 - 5)) + 1?
1
-12 - -12 - 4 - (1 + -7)
2
9 + (12 - (5 + 11))
5
What is the value of -2 + (13 - 4) - (5 + -1)?
3
-2 - 0 - (3 - 11)
6
22 - 26 - (-5 + -1) - 0
2
Evaluate -40 + 37 - (-9 - 1) - 0.
7
(19 - 11) + -7 + -6
-5
Calculate 6 - 12 - (0 - 4 - -4).
-6
What is -10 + 4 + -3 + 4?
-5
What is the value of 25 + -6 + 1 + -5 + -7?
8
What is -15 + 18 + -7 + -2?
-6
What is the value of 9 + (5 - (-7 - -6)) + -10?
5
Calculate (6 - 12) + 4 + 7 - 4.
1
What is -4 + (9 - 4 - 0)?
1
Calculate -2 - (-2 + 4 + (1 - 1)).
-4
What is the value of -7 + 6 + (-9 - -7)?
-3
What is -6 - (-8 + -8 + 15)?
-5
(-2 - (6 + -14)) + -8 + -4
-6
Calculate -3 - (-9 + (3 - -1 - -1)).
1
What is the value of -4 + (6 - (8 - 1))?
-5
What is the value of (6 - (2 + -4)) + 6 + -7?
7
What is the value of -5 + 2 + (6 - -1) + 0?
4
Evaluate (-208 - -202) + (-1 - 0).
-7
What is 5 - 16 - -1 - -3?
-7
What is -5 + (2 - (-2 - -6)) + 7?
0
Evaluate (14 - 20) + 2 + -1.
-5
What is the value of 10 - 3 - 3 - (2 + -2)?
4
Evaluate 11 - (5 - 1 - -4).
3
What is the value of -9 + 0 + 2 + 34 + -23?
4
What is the value of -4 + 1 + -2 - (4 - 5)?
-4
What is (1 - -3 - 0) + -1?
3
12 - 19 - (1 - 9)
1
(-4 - -1) + (9 - 3)
3
Evaluate (-3 - (0 + -2)) + -3 + 2.
-2
-4 + 1 + (-4 - (-3 + -6))
2
What is -4 + 2 + (-4 - -6)?
0
Calculate 1 + 0 + 50 + -44.
7
Calculate -14 - (-32 + 7) - 6.
5
Calculate -2 + 1 + -1 + 4 + 0.
2
What is the value of -5 - (6 + -8) - -9?
6
Calculate 1 - -5 - (117 + -106).
-5
Calculate -4 + 0 - (1 + -6 - -1).
0
Calculate 2 + -1 + -2 + -1 + 3.
1
-1 - (-1 + 3 + 1)
-4
Evaluate 3 + 1 + -2 + -4 - 3.
-5
Evaluate -2 + -3 + 0 + 1 + 1.
-3
What is the value of (-6 - 4) + (7 - 2)?
-5
What is 9 - (19 + -10) - (0 + 5)?
-5
What is -7 - (-13 - -2 - -4)?
0
Calculate -3 + (5 - 6) + (-3 - -9).
2
What is the value of (3 - ((-3 - -1) + 8)) + 0?
-3
Evaluate 4 + 0 + 1 + -5.
0
What is (1 + 1 - -1) + (-6 - -3)?
0
What is the value of 9 + (0 - 2) + (68 - 85)?
-10
Calculate 3 + (-9 + 4 + -2 - -5).
1
What is the value of 17 + -10 - (8 - (-2 + 3))?
0
Evaluate 4 + -3 - (-1 - 0) - 3.
-1
What is (0 - 5 - 0) + (18 - 10)?
3
(-3 - (13 + -22)) + 4
10
Calculate 0 + 1 - (-10 - -12).
-1
Evaluate 9 - (1 + 14 + (6 - 15)).
3
What is the value of -4 - (-3 - 6) - 4 - 3?
-2
Calculate 10 + (1 - -4) + -6.
9
What is the value of -2 + (9 - 2) - (8 + 2)?
-5
Evaluate 14 + -8 + -7 + 2.
1
1 + 1 + (44 - 45)
1
Evaluate -6 - (-12 + 12 + -7).
1
Calculate 4 + -8 + 2 + 5 - 5.
-2
Calculate 8 + -10 + 5 - (1 + -3).
5
-4 - (0 - 1) - (-2 + -1)
0
Evaluate -1 + 6 - (14 + (-2 - 8)).
1
What is -2 + -3 + -1 + 9?
3
Calculate -1 - (2 - 1) - 1.
-3
Evaluate 2 + -3 + -2 + 1.
-2
What is -1 - 6 - -12 - 2 - 1?
2
(12 - (-1 - 0)) + (81 - 88)
6
Evaluate (-4 - (-3 - 10)) + -3.
6
What is the value of 0 + 4 - (11 + -18 + 16)?
-5
Calculate 0 - (1 + 0 - 4).
3
-2 - (2 - 1 - 1)
-2
(0 - 0) + -2 + -3
-5
What is 5 - (4 + (1 - -6))?
-6
What is the value of -4 + 1 + 5 + (-2 - 1)?
-1
Evaluate (7 - 0 - (2 + 3)) + -7.
-5
What is 2 + -3 + 1 + (-4 - -1)?
-3
What is the value of 6 + 5 + -15 - -6?
2
What is the value of 1 + 4 + (-9 - -2)?
-2
What is the value of -1 + 4 + (-3 - 0)?
0
12 - ((-6 - -19) + -6)
5
What is 0 - -3 - (-2 + 3 + -3)?
5
What is -3 - -2 - ((18 - 9) + -4)?
-6
-5 + -2 + 4 + 1 + -3
-5
(-5 - 9) + 2 + 4 + 0
-8
What is the value of 4 + -2 + -3 - (-8 + 11)?
-4
What is the value of -15 + 17 - (-1 + (1 - 3))?
5
Evaluate 5 - (-4 + 10 - 4).
3
-3 + (6 - (8 + -4)) + -4
-5
What is -1 + 2 + 0 + -2 + -3?
-4
What is -1 - (2 + 5) - (-27 + 23)?
-4
6 - (7 - 1 - -6)
-6
What is -1 + -1 + (3 - (-4 + 7))?
-2
Evaluate (-10 - -13) + (9 - 6).
6
-8 - (4 + -3 - 15 - 3)
9
2 + (-1 - 0) + 5 + -3
3
What is 5 + -6 + 7 + 1?
7
Calculate 4 + (6 + -5 - (5 - 1)).
1
Evaluate -3 - (-3 - (-5 - -5)).
0
What is the value of 20 + -21 + -2 + (2 - 2)?
-3
Calculate -60 + 68 + 1 + -5.
4
-1 + (-5 - 3 - -8) + -5
-6
-1 + 7 + (-6 - -2) + -3
-1
Evaluate -10 + (11 - 4) - 3.
-6
Calculate (46 - 46 - (0 + -6)) + -6.
0
Calculate (-2 + 0 - 2) + 7 + -5.
-2
What is 14 + -8 + -4 + -4 + -2?
-4
Evaluate 3 + -7 + -3 + 3 + -1.
-5
Evaluate -2 - (-2 - 4) - 0.
4
Evaluate (-20 - -19) + (-13 - -7).
-7
Calculate -4 + (23 + -12 - 5).
2
Evaluate (4 - (-6 + 1)) + -12.
-3
Calculate (-2 - -6) + -1 + (9 - 17).
-5
What is -19 + 17 + 10 - (-1 - 0)?
9
-11 + -5 - (-8 + -2)
-6
What is 7 - (-4 + -2 + -10 + 21)?
2
Evaluate (-2 - (5 + -14 - -5)) + -3.
-1
What is (-3 - -2) + -1 + 0 + 7?
5
Evaluate (6 - 10) + 4 + -2 + 2.
0
2 + -8 + (-2 - -5)
-3
0 - (7 + 5 + 2 + -7)